, 113
List the prime factors of 1844.
2, 461
List the prime factors of 295.
5, 59
What are the prime factors of 21883?
79, 277
What are the prime factors of 4746?
2, 3, 7, 113
List the prime factors of 799.
17, 47
What are the prime factors of 5480?
2, 5, 137
List the prime factors of 193.
193
What are the prime factors of 2831?
19, 149
List the prime factors of 97058.
2, 13, 3733
List the prime factors of 1859.
11, 13
What are the prime factors of 61020?
2, 3, 5, 113
List the prime factors of 1433.
1433
What are the prime factors of 1424?
2, 89
What are the prime factors of 1040?
2, 5, 13
List the prime factors of 2561.
13, 197
What are the prime factors of 551?
19, 29
What are the prime factors of 41650?
2, 5, 7, 17
What are the prime factors of 7090?
2, 5, 709
What are the prime factors of 1733?
1733
What are the prime factors of 829?
829
What are the prime factors of 109226?
2, 13, 4201
List the prime factors of 4068.
2, 3, 113
What are the prime factors of 381?
3, 127
What are the prime factors of 16682?
2, 19, 439
What are the prime factors of 977?
977
List the prime factors of 155.
5, 31
List the prime factors of 25975.
5, 1039
List the prime factors of 15463.
7, 47
What are the prime factors of 3877?
3877
What are the prime factors of 1160?
2, 5, 29
List the prime factors of 2497.
11, 227
List the prime factors of 5416.
2, 677
What are the prime factors of 6422?
2, 13, 19
List the prime factors of 96077.
29, 3313
List the prime factors of 492.
2, 3, 41
List the prime factors of 494.
2, 13, 19
What are the prime factors of 561?
3, 11, 17
List the prime factors of 1165.
5, 233
What are the prime factors of 10926?
2, 3, 607
List the prime factors of 135666.
2, 3, 7537
What are the prime factors of 2322?
2, 3, 43
List the prime factors of 25.
5
What are the prime factors of 2880?
2, 3, 5
List the prime factors of 3124.
2, 11, 71
What are the prime factors of 2068?
2, 11, 47
List the prime factors of 6524.
2, 7, 233
What are the prime factors of 26377?
13, 2029
List the prime factors of 1977.
3, 659
What are the prime factors of 106526?
2, 7, 1087
List the prime factors of 956.
2, 239
What are the prime factors of 6465?
3, 5, 431
What are the prime factors of 986?
2, 17, 29
List the prime factors of 41542.
2, 20771
What are the prime factors of 32838?
2, 3, 13, 421
What are the prime factors of 3653?
13, 281
List the prime factors of 7781.
31, 251
List the prime factors of 14157.
3, 11, 13
What are the prime factors of 23219?
7, 31, 107
What are the prime factors of 9013?
9013
What are the prime factors of 1972?
2, 17, 29
List the prime factors of 103.
103
What are the prime factors of 4585?
5, 7, 131
What are the prime factors of 3252?
2, 3, 271
What are the prime factors of 30758?
2, 7, 13
What are the prime factors of 13574?
2, 11, 617
List the prime factors of 5428.
2, 23, 59
List the prime factors of 8627.
8627
List the prime factors of 1472.
2, 23
List the prime factors of 4162.
2, 2081
What are the prime factors of 921?
3, 307
What are the prime factors of 3033?
3, 337
List the prime factors of 9414.
2, 3, 523
List the prime factors of 14822.
2, 7411
List the prime factors of 7440.
2, 3, 5, 31
List the prime factors of 3322.
2, 11, 151
List the prime factors of 23756.
2, 5939
What are the prime factors of 1531?
1531
List the prime factors of 2950.
2, 5, 59
List the prime factors of 5110.
2, 5, 7, 73
List the prime factors of 11339.
17, 23, 29
What are the prime factors of 57?
3, 19
What are the prime factors of 91644?
2, 3, 7, 1091
What are the prime factors of 3507?
3, 7, 167
What are the prime factors of 67672?
2, 11, 769
List the prime factors of 168004.
2, 97, 433
What are the prime factors of 520?
2, 5, 13
List the prime factors of 35019.
3, 1297
What are the prime factors of 76490?
2, 5, 7649
What are the prime factors of 383?
383
List the prime factors of 1127.
7, 23
What are the prime factors of 1137?
3, 379
What are the prime factors of 35331?
3, 11777
List the prime factors of 5324.
2, 11
What are the prime factors of 2654?
2, 1327
What are the prime factors of 28207?
67, 421
What are the prime factors of 110888?
2, 83, 167
What are the prime factors of 65015?
5, 13003
List the prime factors of 36402.
2, 3, 6067
What are the prime factors of 1055?
5, 211
What are the prime factors of 469?
7, 67
What are the prime factors of 2601?
3, 17
What are the prime factors of 31?
31
List the prime factors of 1608.
2, 3, 67
What are the prime factors of 10016?
2, 313
What are the prime factors of 6874?
2, 7, 491
What are the prime factors of 86793?
3, 7, 4133
List the prime factors of 1956.
2, 3, 163
What are the prime factors of 3770?
2, 5, 13, 29
List the prime factors of 1777.
1777
What are the prime factors of 6522?
2, 3, 1087
What are the prime factors of 3220?
2, 5, 7, 23
What are the prime factors of 564?
2, 3, 47
What are the prime factors of 11235?
3, 5, 7, 107
What are the prime factors of 15627?
3, 5209
What are the prime factors of 13805?
5, 11, 251
List the prime factors of 681.
3, 227
What are the prime factors of 1937?
13, 149
List the prime factors of 90303.
3, 31, 971
What are the prime factors of 31985?
5, 6397
What are the prime factors of 950?
2, 5, 19
What are the prime factors of 39746?
2, 7, 17, 167
List the prime factors of 51711.
3, 11, 1567
What are the prime factors of 1288?
2, 7, 23
List the prime factors of 691.
691
What are the prime factors of 3285?
3, 5, 73
List the prime factors of 2359.
7, 337
List the prime factors of 17337.
3, 5779
What are the prime factors of 804?
2, 3, 67
List the prime factors of 8087.
8087
List the prime factors of 49117.
49117
What are the prime factors of 19185?
3, 5, 1279
List the prime factors of 31674.
2, 3, 5279
List the prime factors of 7157.
17, 421
What are the prime factors of 5336?
2, 23, 29
List the prime factors of 6781.
6781
What are the prime factors of 1818?
2, 3, 101
What are the prime factors of 29559?
3, 59, 167
What are the prime factors of 1153?
1153
What are the prime factors of 789?
3, 263
What are the prime factors of 21957?
3, 13, 563
List the prime factors of 7983.
3, 887
What are the prime factors of 3844?
2, 31
List the prime factors of 639.
3, 71
List the prime factors of 41050.
2, 5, 821
List the prime factors of 6424.
2, 11, 73
List the prime factors of 134672.
2, 19, 443
List the prime factors of 23820.
2, 3, 5, 397
What are the prime factors of 4126?
2, 2063
List the prime factors of 22323.
3, 7, 1063
List the prime factors of 3721.
61
List the prime factors of 7557.
3, 11, 229
What are the prime factors of 1540?
2, 5, 7, 11
What are the prime factors of 1390?
2, 5, 139
List the prime factors of 21054.
2, 3, 11, 29
List the prime factors of 2659.
2659
List the prime factors of 146.
2, 73
List the prime factors of 728.
2, 7, 13
What are the prime factors of 9421?
9421
What are the prime factors of 10707?
3, 43, 83
What are the prime factors of 2663?
2663
What are the prime factors of 829?
829
List the prime factors of 466.
2, 233
List the prime factors of 26747.
7, 3821
List the prime factors of 3112.
2, 389
List the prime factors of 12890.
2, 5, 1289
What are the prime factors of 40122?
2, 3, 743
What are the prime factors of 244?
2, 61
List the prime factors of 2464.
2, 7, 11
List the prime factors of 15630.
2, 3, 5, 521
What are the prime factors of 894?
2, 3, 149
What are the prime factors of 6178?
2, 3089
What are the prime factors of 29994?
2, 3, 4999
What are the prime factors of 3060?
2, 3, 5, 17
List the prime factors of 3467.
3467
What are the prime factors of 3507?
3, 7, 167
What are the prime factors of 12976?
2, 811
List the prime factors of 4172.
2, 7, 149
What are the prime factors of 524?
2, 131
List the prime factors of 18822.
2, 3, 3137
List the prime factors of 73006.
2, 173, 211
What are the prime factors of 29557?
11, 2687
What are the prime factors of 673?
673
List the prime factors of 770.
2, 5, 7, 11
List the prime factors of 11323.
13, 67
List the prime factors of 3092.
2, 773
List the prime factors of 4062.
2, 3, 677
List the prime factors of 1786.
2, 19, 47
What are the prime factors of 58520?
2, 5, 7, 11, 19
What are the prime factors of 244?
2, 61
What are the prime factors of 2132?
2, 13, 41
What are the prime fa